07*t - 142. What is the thousands digit of z(7)?
1
Suppose 810 = 5*f - 2*f + 3*x, -f + 279 = -2*x. What is the tens digit of f?
7
Suppose 4*f + 90 = -546. Let z = f - -60. Let p = 145 + z. What is the tens digit of p?
4
Let i = -612 + 2188. What is the tens digit of i?
7
Let s be 10283/(-63) + (-2)/(-9). Let t = s - -330. What is the units digit of t?
7
Suppose 2*n = 2*a - 188, -212 = 4*a + 2*n - 618. Let v = a + -41. What is the units digit of v?
8
Suppose 2*o = 3*p - 1640 + 5323, -3*o + 5518 = 2*p. What is the units digit of o?
0
Suppose -72 = -7*x + 3*x. Let w = 23 - x. Suppose -3*d - 38 = -w*d. What is the tens digit of d?
1
Suppose 10837*k - 10830*k = 23485. What is the thousands digit of k?
3
Let l(i) = -i + 1. Let w(g) = -111*g**2 + g - 6. Let s(h) = -3*l(h) - w(h). What is the tens digit of s(-1)?
1
Let a(p) = -147*p - 9. What is the units digit of a(-2)?
5
Suppose 2 - 14 = -4*x. Let t(i) = -i**3 + 4*i**2 - 4*i + 6. Let r be t(x). Suppose 4*b - 16 + 92 = 5*h, -4*h = -r*b - 61. What is the tens digit of h?
1
Let q(a) = 2*a + 4. Let v be q(-6). Suppose 3*l + 78 = 4*c + 21, -2*c + 35 = 5*l. Let t = c + v. What is the units digit of t?
7
Let w = 5966 + -4198. What is the tens digit of w?
6
Suppose 44*h - 21300 - 10864 = 0. What is the hundreds digit of h?
7
Suppose -i = -0*r - 4*r - 267, -2*i = 5*r + 350. Let m = r - -94. What is the units digit of m?
6
What is the hundreds digit of 1/(6/(-9)*3)*-964?
4
Suppose -4*m + 7*m = 0. Let r = m + -11. What is the units digit of (r - -8)*2/(-6)?
1
Let u(z) = 3*z**2 - 2*z - 2. Let y(b) = -18*b**2 + 11*b + 12. Let g(m) = -34*u(m) - 6*y(m). Let v(i) = i + 18. Let h be v(-15). What is the units digit of g(h)?
6
Suppose 6*g - 1038 = 3*g - 3*q, -1046 = -3*g - q. What is the units digit of g?
0
Let n(z) = -2*z**2 - z**2 - 4 - 5*z**2 + 6*z - z. Let t(g) = -17*g**2 + 11*g - 9. Let p(x) = -5*n(x) + 2*t(x). What is the units digit of p(2)?
0
Let n = 625 - 427. What is the units digit of n?
8
Let o(r) = -r**3 - 4*r**2 + 3. Let m be o(-3). Let j(v) = -v**2 + 3*v - 14. Let a be j(m). Let t = a + 98. What is the units digit of t?
0
Let q(f) = -f**3 + 5*f**2 + 8*f + 12. Let k be q(-4). Suppose 0 = -a + o + k, 0 = 3*a + o + 3*o - 365. What is the hundreds digit of a?
1
Let t = -32 - 129. Let a = t + 226. What is the tens digit of ((-16)/(-20))/(2/a)?
2
Let g(i) = -i - 14. Let j be g(-8). Let p be (232/6)/((-4)/j). Suppose 0 = 4*s - 10 - p. What is the units digit of s?
7
What is the hundreds digit of 320/30*438/4?
1
Suppose 428 = 2*w - 2*d, 0 = w - d + 6*d - 202. Suppose w = 4*j + 40. Suppose 149 = 3*n - v, 5*n - 212 - j = 5*v. What is the tens digit of n?
4
Let c = 88 + 418. What is the units digit of c?
6
Suppose 24 = i + 3. Suppose -5 + i = 4*r. What is the tens digit of r/4 + 26 + 1?
2
Suppose 0 = 5*u - 3*o + 8*o - 20, 8 = 2*u + 5*o. Suppose -t + 7*n = 4*n - 32, 0 = 4*t - 2*n - 138. Suppose 49 = u*k - t. What is the units digit of k?
1
Let s(o) = -42*o + 63. Let d be s(-5). Let t = -143 + d. What is the units digit of t?
0
Let w(s) = -2*s**2 - 21*s + 14. Let l be w(-11). What is the tens digit of (1 - 1) + l + 143 + 6?
5
Let o = 54 + -38. Suppose -x + 82 + o = 0. What is the tens digit of x?
9
Let i(x) = -52*x - 5. Let d(u) = 260*u + 26. Let g(v) = 3*d(v) + 14*i(v). What is the hundreds digit of g(2)?
1
Suppose 31*y - 509 = 886. Let b be (-3)/(-6)*(1 - -1). What is the tens digit of -8*b*y/(-12)?
3
Let k = 124 - 121. Suppose -4*j - x + 293 = -j, 2*j - 188 = k*x. What is the tens digit of j?
9
Suppose 2*n + 2*u = 22 - 6, -4*u = 8. Suppose -4*d + 618 = -11*h + n*h, d - 5*h = 164. What is the hundreds digit of d?
1
Let t(o) = o**3 + o**2 + 4*o + 1150. Let y be t(0). Suppose 21*a = 16*a + y. What is the tens digit of a?
3
Let f(w) = w**3 - 14*w**2 - 2*w + 18. Let h be f(14). Let t(v) = v**2 + 12*v + 33. What is the tens digit of t(h)?
1
Suppose -155*h - 537 = -156*h. What is the hundreds digit of h?
5
Suppose 221*o = 224*o - 3*y - 10560, -y = -4. What is the thousands digit of o?
3
Suppose -26*x + 159411 - 46597 = 0. What is the tens digit of x?
3
Suppose -2*t - 2*f - 2 - 4 = 0, -3*t - 4 = 4*f. Let r be 56/(-16)*t/14. What is the units digit of (-3 - -4)/(r/80)?
0
Suppose 31 + 124 = -v. Let w = -100 - v. Let i = w - 23. What is the tens digit of i?
3
Let f(q) = q**3 - 8*q**2 - 3*q + 3. Suppose -4 = -3*h + 2*h. Let g be f(h). Let a = g - -109. What is the units digit of a?
6
Let i(v) = 105*v + 221. What is the hundreds digit of i(8)?
0
Suppose 34*c - 7604 - 15890 = 0. What is the hundreds digit of c?
6
Let d be (-2 - -13 - -4) + (-1 - -1). Let u = d + 20. What is the units digit of u?
5
Suppose -4*t + 50820 = 11*t. What is the thousands digit of t?
3
Let d be (-3)/((-12)/(-112))*1/(-4). Let j = 30 - d. What is the units digit of j?
3
Let a(y) = -4*y**2 + y + 13. Let z be a(-4). Let u = -19 - z. What is the tens digit of u?
3
Let v(k) = 120*k**2 + 14*k - 92. What is the hundreds digit of v(6)?
3
Suppose 0 = -5*l - 4*t - 94, l + 5*t + 14 = 9*t. What is the units digit of l/(-8) + -3 - 486/(-8)?
0
Let g be (-11)/4 + (-2)/8. Let r be (g/(-3))/(5/30). Suppose 2*h - r = -q, 0*q - 4*q - 3*h + 49 = 0. What is the tens digit of q?
1
Let l(p) = 79*p + 250. What is the thousands digit of l(46)?
3
Suppose -17*g + 16*g + 28 = 0. Let u = g - 25. Suppose -u*v = 9, 4*x = 7*v - 2*v + 23. What is the units digit of x?
2
Let j(n) = n**3 - 2*n**2 - 2*n + 1. Let r be j(3). Suppose -3*f + 3 = -d, d + 6 - 1 = r*f. Suppose 4*u - 3 = d*u. What is the units digit of u?
3
Let v = 13 - 11. Suppose 0 = u - d + 1, -v*u - 4*d + 10 = -4*u. Suppose -2*m + 3*s + 24 = 7*s, 0 = -u*s + 6. What is the units digit of m?
8
Let f(j) = -43*j + 35. Let w be f(-7). Let o = -177 + w. What is the hundreds digit of o?
1
Suppose -28838 = 42*p - 84698. What is the tens digit of p?
3
Let y = 7 - 23. What is the tens digit of y/(-7) + (-2)/7 + 52?
5
Let n = 1788 + -1793. Let u(l) = l**2 + 2*l + 0*l + 2 + 0*l. What is the units digit of u(n)?
7
Let b(a) = 2*a**3 - 4*a**2 + a + 2. Let f be b(2). Suppose -200 = 5*q - f*g, 160 = -q - 3*q + 3*g. Let r = -25 - q. What is the units digit of r?
5
Suppose 2 = -5*n - 3*g + 5, 2*n - 4 = -4*g. Let r be 6 - (2 - (-2 - -3)). Suppose r*h - 67 = -4*y, n = 4*y + 2*h - 38 - 20. What is the tens digit of y?
1
Let g(s) = -5*s**3 - s**2 + 4*s + 7. Let c be g(3). Let o = -77 - c. What is the units digit of o?
8
What is the tens digit of 35037/51 + 1*(-1)/(-1)?
8
Suppose 599 = 3*p - 2*q, 3*q - 2*q = -2*p + 390. What is the units digit of p?
7
What is the hundreds digit of (4 - -1 - 2)*(-42592)/(-132)?
9
Let q(n) = n**3 + 26*n**2 - 20*n + 178. What is the units digit of q(-26)?
8
Suppose -5*q = -y - 26, 2*y - y + 6 = q. Let b = q - 1. Suppose -n - 173 = -b*r, n = 2*n - 3. What is the tens digit of r?
4
Let p be -65 + -2 + (0 - (-2 - -3)). Let w = p - -82. What is the units digit of w?
4
Suppose 5*n + 0*v = 3*v + 857, 0 = -3*n - 3*v + 495. What is the tens digit of n?
6
Let a = 18 - 43. Let t be ((-10)/a)/((-2)/(-10)). Let s = 2 + t. What is the units digit of s?
4
Suppose -2*i - 241 = -5*x + 619, -5*x - 5*i = -895. What is the units digit of x?
4
Let q = 57 - 33. Suppose -7*x + q = -10*x. What is the tens digit of 55 + (x*2)/(-4)?
5
Suppose -8*z + 21 + 3 = 0. Suppose 0 = 3*d + 5*t - 307, -6*t = -z*d - 4*t + 335. What is the units digit of d?
9
Suppose -p + 3*p = 1028. What is the hundreds digit of p?
5
Let z(u) be the third derivative of 0*u + 5/12*u**4 + 0 + 1/3*u**3 - 6*u**2. What is the units digit of z(2)?
2
What is the units digit of (21 - 12) + (2 - -1874)?
5
Let x be (-139)/4 - (-1)/(-4). Let t(i) = i**2 - 9*i - 1. Let h be t(9). What is the units digit of h/5 - 1337/x?
8
Let v = 1800 - -860. What is the hundreds digit of v?
6
Suppose 3*r + 29 = 5*w, w - 3*r - r + 1 = 0. Suppose -10 = 2*v - w*v. Suppose -u + 33 = i - 9, -5*i = -v*u - 210. What is the tens digit of i?
4
Suppose m - 10 - 34 = 0. Suppose 0 = q + 5*t + m, -3*q - 5*t - 56 = 26. Let z = q + 29. What is the tens digit of z?
1
Suppose 3*a = -3*b + 952 + 422, 5*a = 5. What is the tens digit of b?
5
Suppose r = -3*s + 3*r + 47, -4*s - 2*r + 44 = 0. Let k(j) = s*j - 5*j - 7*j. What is the units digit of k(4)?
4
Suppose 2*i = -23*l + 25*l + 3282, -5 = 5*l. What is the tens